[INFO] cloning repository https://github.com/CHarrod283/goodit
[INFO] running `Command { std: "git" "-c" "credential.helper=" "-c" "credential.helper=/workspace/cargo-home/bin/git-credential-null" "clone" "--bare" "https://github.com/CHarrod283/goodit" "/workspace/cache/git-repos/https%3A%2F%2Fgithub.com%2FCHarrod283%2Fgoodit", kill_on_drop: false }`
[INFO] [stderr] Cloning into bare repository '/workspace/cache/git-repos/https%3A%2F%2Fgithub.com%2FCHarrod283%2Fgoodit'...
[INFO] running `Command { std: "git" "rev-parse" "HEAD", kill_on_drop: false }`
[INFO] [stdout] 7d202ecd2bca0c3899059306bc6d830499a253c0
[INFO] checking CHarrod283/goodit against master#e6e4f7ed1589e03bc2f6c5931c1a72e7947e8682 for beta-170-4
[INFO] running `Command { std: "git" "clone" "/workspace/cache/git-repos/https%3A%2F%2Fgithub.com%2FCHarrod283%2Fgoodit" "/workspace/builds/worker-0-tc2/source", kill_on_drop: false }`
[INFO] [stderr] Cloning into '/workspace/builds/worker-0-tc2/source'...
[INFO] [stderr] done.
[INFO] validating manifest of git repo https://github.com/CHarrod283/goodit on toolchain e6e4f7ed1589e03bc2f6c5931c1a72e7947e8682
[INFO] running `Command { std: CARGO_HOME="/workspace/cargo-home" RUSTUP_HOME="/workspace/rustup-home" "/workspace/cargo-home/bin/cargo" "+e6e4f7ed1589e03bc2f6c5931c1a72e7947e8682" "metadata" "--manifest-path" "Cargo.toml" "--no-deps", kill_on_drop: false }`
[INFO] started tweaking git repo https://github.com/CHarrod283/goodit
[INFO] finished tweaking git repo https://github.com/CHarrod283/goodit
[INFO] tweaked toml for git repo https://github.com/CHarrod283/goodit written to /workspace/builds/worker-0-tc2/source/Cargo.toml
[INFO] crate git repo https://github.com/CHarrod283/goodit already has a lockfile, it will not be regenerated
[INFO] running `Command { std: CARGO_HOME="/workspace/cargo-home" RUSTUP_HOME="/workspace/rustup-home" "/workspace/cargo-home/bin/cargo" "+e6e4f7ed1589e03bc2f6c5931c1a72e7947e8682" "fetch" "--manifest-path" "Cargo.toml", kill_on_drop: false }`
[INFO] running `Command { std: "docker" "create" "-v" "/var/lib/crater-agent-workspace/builds/worker-0-tc2/target:/opt/rustwide/target:rw,Z" "-v" "/var/lib/crater-agent-workspace/builds/worker-0-tc2/source:/opt/rustwide/workdir:ro,Z" "-v" "/var/lib/crater-agent-workspace/cargo-home:/opt/rustwide/cargo-home:ro,Z" "-v" "/var/lib/crater-agent-workspace/rustup-home:/opt/rustwide/rustup-home:ro,Z" "-e" "SOURCE_DIR=/opt/rustwide/workdir" "-e" "CARGO_TARGET_DIR=/opt/rustwide/target" "-e" "CARGO_HOME=/opt/rustwide/cargo-home" "-e" "RUSTUP_HOME=/opt/rustwide/rustup-home" "-w" "/opt/rustwide/workdir" "-m" "1610612736" "--user" "0:0" "--network" "none" "ghcr.io/rust-lang/crates-build-env/linux@sha256:19e73879b68f455e41552ea35293514db52ea292d993f571636dbffedb77a1ee" "/opt/rustwide/cargo-home/bin/cargo" "+e6e4f7ed1589e03bc2f6c5931c1a72e7947e8682" "metadata" "--no-deps" "--format-version=1", kill_on_drop: false }`
[INFO] [stdout] bec509f6e6f56a26d56612a85848d002cc949f2185117e9e3f6a865fba7c6009
[INFO] running `Command { std: "docker" "start" "-a" "bec509f6e6f56a26d56612a85848d002cc949f2185117e9e3f6a865fba7c6009", kill_on_drop: false }`
[INFO] running `Command { std: "docker" "inspect" "bec509f6e6f56a26d56612a85848d002cc949f2185117e9e3f6a865fba7c6009", kill_on_drop: false }`
[INFO] running `Command { std: "docker" "rm" "-f" "bec509f6e6f56a26d56612a85848d002cc949f2185117e9e3f6a865fba7c6009", kill_on_drop: false }`
[INFO] [stdout] bec509f6e6f56a26d56612a85848d002cc949f2185117e9e3f6a865fba7c6009
[INFO] running `Command { std: "docker" "create" "-v" "/var/lib/crater-agent-workspace/builds/worker-0-tc2/target:/opt/rustwide/target:rw,Z" "-v" "/var/lib/crater-agent-workspace/builds/worker-0-tc2/source:/opt/rustwide/workdir:ro,Z" "-v" "/var/lib/crater-agent-workspace/cargo-home:/opt/rustwide/cargo-home:ro,Z" "-v" "/var/lib/crater-agent-workspace/rustup-home:/opt/rustwide/rustup-home:ro,Z" "-e" "SOURCE_DIR=/opt/rustwide/workdir" "-e" "CARGO_TARGET_DIR=/opt/rustwide/target" "-e" "CARGO_INCREMENTAL=0" "-e" "RUST_BACKTRACE=full" "-e" "RUSTFLAGS=--cap-lints=forbid" "-e" "RUSTDOCFLAGS=--cap-lints=forbid" "-e" "CARGO_HOME=/opt/rustwide/cargo-home" "-e" "RUSTUP_HOME=/opt/rustwide/rustup-home" "-w" "/opt/rustwide/workdir" "-m" "1610612736" "--user" "0:0" "--network" "none" "ghcr.io/rust-lang/crates-build-env/linux@sha256:19e73879b68f455e41552ea35293514db52ea292d993f571636dbffedb77a1ee" "/opt/rustwide/cargo-home/bin/cargo" "+e6e4f7ed1589e03bc2f6c5931c1a72e7947e8682" "check" "--frozen" "--all" "--all-targets" "--message-format=json", kill_on_drop: false }`
[INFO] [stdout] 87c03b93705acd0e5071597b24567ceef45a187ae81e221e6b10247ba320dad4
[INFO] running `Command { std: "docker" "start" "-a" "87c03b93705acd0e5071597b24567ceef45a187ae81e221e6b10247ba320dad4", kill_on_drop: false }`
[INFO] [stderr]    Compiling libc v0.2.121
[INFO] [stderr]    Compiling syn v1.0.90
[INFO] [stderr]    Compiling log v0.4.16
[INFO] [stderr]     Checking once_cell v1.10.0
[INFO] [stderr]    Compiling memchr v2.4.1
[INFO] [stderr]    Compiling quote v1.0.17
[INFO] [stderr]    Compiling regex-syntax v0.6.25
[INFO] [stderr]    Compiling uncased v0.9.6
[INFO] [stderr]     Checking bytes v1.1.0
[INFO] [stderr]    Compiling serde v1.0.136
[INFO] [stderr]     Checking smallvec v1.8.0
[INFO] [stderr]    Compiling num-traits v0.2.14
[INFO] [stderr]    Compiling aho-corasick v0.7.18
[INFO] [stderr]    Compiling crossbeam-utils v0.8.8
[INFO] [stderr]    Compiling parking_lot_core v0.9.2
[INFO] [stderr]     Checking static_assertions v1.1.0
[INFO] [stderr]    Compiling jobserver v0.1.24
[INFO] [stderr]    Compiling getrandom v0.2.6
[INFO] [stderr]    Compiling cc v1.0.73
[INFO] [stderr]    Compiling rand_core v0.6.3
[INFO] [stderr]    Compiling num-integer v0.1.44
[INFO] [stderr]     Checking socket2 v0.4.4
[INFO] [stderr]    Compiling siphasher v0.3.10
[INFO] [stderr]    Compiling rand_chacha v0.3.1
[INFO] [stderr]     Checking parking_lot v0.12.0
[INFO] [stderr]     Checking regex v1.5.5
[INFO] [stderr]    Compiling phf_shared v0.10.0
[INFO] [stderr]    Compiling clang-sys v1.3.1
[INFO] [stderr]     Checking signal-hook-registry v1.4.0
[INFO] [stderr]     Checking mio v0.8.2
[INFO] [stderr]     Checking lexical-util v0.8.3
[INFO] [stderr]    Compiling futures-task v0.3.21
[INFO] [stderr]     Checking tokio v1.17.0
[INFO] [stderr]    Compiling openssl-sys v0.9.72
[INFO] [stderr]    Compiling libz-sys v1.1.5
[INFO] [stderr]    Compiling zstd-sys v1.6.3+zstd.1.5.2
[INFO] [stderr]     Checking ahash v0.7.6
[INFO] [stderr]    Compiling rand v0.8.5
[INFO] [stderr]     Checking crypto-common v0.1.3
[INFO] [stderr]     Checking tracing-core v0.1.24
[INFO] [stderr]    Compiling miniz_oxide v0.4.4
[INFO] [stderr]    Compiling futures-util v0.3.21
[INFO] [stderr]    Compiling frunk_core v0.4.0
[INFO] [stderr]    Compiling crc32fast v1.3.2
[INFO] [stderr]    Compiling minimal-lexical v0.2.1
[INFO] [stderr]    Compiling nom v7.1.1
[INFO] [stderr]    Compiling phf_generator v0.10.0
[INFO] [stderr]     Checking digest v0.10.3
[INFO] [stderr]     Checking hashbrown v0.11.2
[INFO] [stderr]    Compiling libloading v0.7.3
[INFO] [stderr]    Compiling serde_json v1.0.79
[INFO] [stderr]    Compiling bindgen v0.59.2
[INFO] [stderr]    Compiling phf_codegen v0.10.0
[INFO] [stderr]    Compiling cexpr v0.6.0
[INFO] [stderr]    Compiling parse-zoneinfo v0.3.0
[INFO] [stderr]     Checking lexical-parse-integer v0.8.3
[INFO] [stderr]    Compiling frunk_proc_macro_helpers v0.1.0
[INFO] [stderr]     Checking lexical-write-integer v0.8.3
[INFO] [stderr]    Compiling phf v0.10.1
[INFO] [stderr]    Compiling num-bigint v0.4.3
[INFO] [stderr]    Compiling indexmap v1.8.1
[INFO] [stderr]    Compiling crossbeam-epoch v0.9.8
[INFO] [stderr]    Compiling shlex v1.1.0
[INFO] [stderr]    Compiling radium v0.6.2
[INFO] [stderr]     Checking num_threads v0.1.5
[INFO] [stderr]    Compiling lazycell v1.3.0
[INFO] [stderr]    Compiling zstd-safe v4.1.4+zstd.1.5.2
[INFO] [stderr]    Compiling ucd-trie v0.1.3
[INFO] [stderr]    Compiling rustc-hash v1.1.0
[INFO] [stderr]     Checking alloc-no-stdlib v2.0.3
[INFO] [stderr]    Compiling peeking_take_while v0.1.2
[INFO] [stderr]     Checking local-waker v0.1.2
[INFO] [stderr]     Checking alloc-stdlib v0.2.1
[INFO] [stderr]    Compiling pest v2.1.3
[INFO] [stderr]     Checking time v0.3.9
[INFO] [stderr]    Compiling tracing-attributes v0.1.20
[INFO] [stderr]    Compiling frunk_proc_macros_impl v0.1.0
[INFO] [stderr]     Checking lexical-write-float v0.8.4
[INFO] [stderr]    Compiling chrono-tz-build v0.0.2
[INFO] [stderr]     Checking lexical-parse-float v0.8.3
[INFO] [stderr]     Checking flate2 v1.0.22
[INFO] [stderr]     Checking unicode-normalization v0.1.19
[INFO] [stderr]     Checking sha-1 v0.10.0
[INFO] [stderr]     Checking http v0.2.6
[INFO] [stderr]    Compiling cmake v0.1.48
[INFO] [stderr]    Compiling subprocess v0.2.8
[INFO] [stderr]     Checking bstr v0.2.17
[INFO] [stderr]    Compiling openssl v0.10.38
[INFO] [stderr]     Checking unic-char-range v0.9.0
[INFO] [stderr]     Checking unic-common v0.9.0
[INFO] [stderr]    Compiling httparse v1.6.0
[INFO] [stderr]     Checking tracing v0.1.32
[INFO] [stderr]    Compiling maplit v1.0.2
[INFO] [stderr]    Compiling crossbeam-queue v0.3.5
[INFO] [stderr]     Checking tokio-util v0.7.1
[INFO] [stderr]    Compiling rust_decimal v1.23.1
[INFO] [stderr]    Compiling encoding_rs v0.8.30
[INFO] [stderr]    Compiling paste v1.0.7
[INFO] [stderr]    Compiling itoa v1.0.1
[INFO] [stderr]     Checking tap v1.0.1
[INFO] [stderr]     Checking unicode-bidi v0.3.7
[INFO] [stderr]     Checking wyz v0.4.0
[INFO] [stderr]    Compiling pest_meta v2.1.3
[INFO] [stderr]     Checking globset v0.4.8
[INFO] [stderr]     Checking idna v0.2.3
[INFO] [stderr]     Checking unic-ucd-version v0.9.0
[INFO] [stderr]     Checking unic-char-property v0.9.0
[INFO] [stderr]     Checking lexical-core v0.8.3
[INFO] [stderr]    Compiling chrono-tz v0.6.1
[INFO] [stderr]    Compiling bytestring v1.0.0
[INFO] [stderr]     Checking actix-service v2.0.2
[INFO] [stderr]    Compiling frunk_derives v0.4.0
[INFO] [stderr]    Compiling thiserror-impl v1.0.30
[INFO] [stderr]     Checking frunk_proc_macros v0.1.0
[INFO] [stderr]     Checking brotli-decompressor v2.3.2
[INFO] [stderr]     Checking actix-utils v3.0.0
[INFO] [stderr]     Checking actix-rt v2.7.0
[INFO] [stderr]     Checking thread_local v1.1.4
[INFO] [stderr]    Compiling cookie v0.16.0
[INFO] [stderr]    Compiling io-enum v1.0.1
[INFO] [stderr]    Compiling convert_case v0.4.0
[INFO] [stderr]     Checking slab v0.4.6
[INFO] [stderr]     Checking arrayvec v0.7.2
[INFO] [stderr]    Compiling firestorm v0.5.0
[INFO] [stderr]     Checking funty v1.2.0
[INFO] [stderr]    Compiling native-tls v0.2.10
[INFO] [stderr]     Checking h2 v0.3.13
[INFO] [stderr]    Compiling derive_more v0.99.17
[INFO] [stderr]     Checking thiserror v1.0.30
[INFO] [stderr]     Checking bitvec v0.22.3
[INFO] [stderr]     Checking ignore v0.4.18
[INFO] [stderr]     Checking brotli v3.3.4
[INFO] [stderr]     Checking bigdecimal v0.3.0
[INFO] [stderr]     Checking frunk v0.4.0
[INFO] [stderr]    Compiling mysql_common v0.28.2
[INFO] [stderr]     Checking crossbeam-deque v0.8.1
[INFO] [stderr]    Compiling pest_generator v2.1.3
[INFO] [stderr]     Checking url v2.2.2
[INFO] [stderr]     Checking lexical v6.1.0
[INFO] [stderr]     Checking unic-ucd-segment v0.9.0
[INFO] [stderr]    Compiling actix-router v0.5.0
[INFO] [stderr]     Checking actix-codec v0.5.0
[INFO] [stderr]     Checking local-channel v0.1.2
[INFO] [stderr]     Checking sha2 v0.10.2
[INFO] [stderr]    Compiling derive_utils v0.11.2
[INFO] [stderr]     Checking chrono v0.4.19
[INFO] [stderr]     Checking num_cpus v1.13.1
[INFO] [stderr]     Checking crossbeam-channel v0.5.4
[INFO] [stderr]    Compiling mysql v22.1.0
[INFO] [stderr]     Checking uuid v0.8.2
[INFO] [stderr]     Checking saturating v0.1.0
[INFO] [stderr]     Checking language-tags v0.3.2
[INFO] [stderr]     Checking deunicode v0.4.3
[INFO] [stderr]     Checking slug v0.1.4
[INFO] [stderr]    Compiling actix-web-codegen v4.0.0
[INFO] [stderr]     Checking crossbeam v0.8.1
[INFO] [stderr]     Checking actix-server v2.1.1
[INFO] [stderr]    Compiling pest_derive v2.1.0
[INFO] [stderr]     Checking unic-segment v0.9.0
[INFO] [stderr]     Checking globwalk v0.8.1
[INFO] [stderr]     Checking serde_urlencoded v0.7.1
[INFO] [stderr]    Compiling actix-macros v0.2.3
[INFO] [stderr]     Checking pem v1.0.2
[INFO] [stderr]     Checking nix v0.23.1
[INFO] [stderr]     Checking twox-hash v1.6.2
[INFO] [stderr]     Checking lru v0.7.3
[INFO] [stderr]     Checking humansize v1.1.1
[INFO] [stderr]     Checking bufstream v0.1.4
[INFO] [stderr]     Checking tera v1.15.0
[INFO] [stderr]     Checking zstd v0.10.0+zstd.1.5.2
[INFO] [stderr]     Checking actix-http v3.0.4
[INFO] [stderr]     Checking actix-web v4.0.1
[INFO] [stderr]     Checking goodit v0.1.0 (/opt/rustwide/workdir)
[INFO] [stdout] error[E0433]: failed to resolve: use of undeclared crate or module `nix`
[INFO] [stdout]   --> src/GooditDB.rs:80:9
[INFO] [stdout]    |
[INFO] [stdout] 80 |     use nix::libc::creat;
[INFO] [stdout]    |         ^^^ use of undeclared crate or module `nix`
[INFO] [stdout] 
[INFO] [stdout] 
[INFO] [stdout] error: cannot find derive macro `Serialize` in this scope
[INFO] [stdout]  --> src/GooditDB.rs:8:32
[INFO] [stdout]   |
[INFO] [stdout] 8 | #[derive(Debug, PartialEq, Eq, Serialize)]
[INFO] [stdout]   |                                ^^^^^^^^^
[INFO] [stdout]   |
[INFO] [stdout] note: `Serialize` is imported here, but it is only a trait, without a derive macro
[INFO] [stdout]  --> src/GooditDB.rs:4:5
[INFO] [stdout]   |
[INFO] [stdout] 4 | use serde::Serialize;
[INFO] [stdout]   |     ^^^^^^^^^^^^^^^^
[INFO] [stdout] 
[INFO] [stdout] 
[INFO] [stdout] error[E0432]: unresolved import `crate::GooditDB::create_group`
[INFO] [stdout]   --> src/GooditDB.rs:81:27
[INFO] [stdout]    |
[INFO] [stdout] 81 |     use crate::GooditDB::{create_group, create_pool, Group};
[INFO] [stdout]    |                           ^^^^^^^^^^^^
[INFO] [stdout]    |                           |
[INFO] [stdout]    |                           no `create_group` in `GooditDB`
[INFO] [stdout]    |                           help: a similar name exists in the module: `create_pool`
[INFO] [stdout] 
[INFO] [stdout] 
[INFO] [stdout] error: cannot find derive macro `Serialize` in this scope
[INFO] [stdout]  --> src/GooditDB.rs:8:32
[INFO] [stdout]   |
[INFO] [stdout] 8 | #[derive(Debug, PartialEq, Eq, Serialize)]
[INFO] [stdout]   |                                ^^^^^^^^^
[INFO] [stdout]   |
[INFO] [stdout] note: `Serialize` is imported here, but it is only a trait, without a derive macro
[INFO] [stdout]  --> src/GooditDB.rs:4:5
[INFO] [stdout]   |
[INFO] [stdout] 4 | use serde::Serialize;
[INFO] [stdout]   |     ^^^^^^^^^^^^^^^^
[INFO] [stdout] 
[INFO] [stdout] 
[INFO] [stdout] error: cannot find derive macro `Serialize` in this scope
[INFO] [stdout]   --> src/GooditDB.rs:17:32
[INFO] [stdout]    |
[INFO] [stdout] 17 | #[derive(Debug, PartialEq, Eq, Serialize)]
[INFO] [stdout]    |                                ^^^^^^^^^
[INFO] [stdout]    |
[INFO] [stdout] note: `Serialize` is imported here, but it is only a trait, without a derive macro
[INFO] [stdout]   --> src/GooditDB.rs:4:5
[INFO] [stdout]    |
[INFO] [stdout] 4  | use serde::Serialize;
[INFO] [stdout]    |     ^^^^^^^^^^^^^^^^
[INFO] [stdout] 
[INFO] [stdout] 
[INFO] [stdout] error: cannot find derive macro `Serialize` in this scope
[INFO] [stdout]   --> src/GooditDB.rs:17:32
[INFO] [stdout]    |
[INFO] [stdout] 17 | #[derive(Debug, PartialEq, Eq, Serialize)]
[INFO] [stdout]    |                                ^^^^^^^^^
[INFO] [stdout]    |
[INFO] [stdout] note: `Serialize` is imported here, but it is only a trait, without a derive macro
[INFO] [stdout]   --> src/GooditDB.rs:4:5
[INFO] [stdout]    |
[INFO] [stdout] 4  | use serde::Serialize;
[INFO] [stdout]    |     ^^^^^^^^^^^^^^^^
[INFO] [stdout] 
[INFO] [stdout] 
[INFO] [stdout] error: cannot find derive macro `Serialize` in this scope
[INFO] [stdout]   --> src/GooditDB.rs:25:32
[INFO] [stdout]    |
[INFO] [stdout] 25 | #[derive(Debug, PartialEq, Eq, Serialize)]
[INFO] [stdout]    |                                ^^^^^^^^^
[INFO] [stdout]    |
[INFO] [stdout] note: `Serialize` is imported here, but it is only a trait, without a derive macro
[INFO] [stdout]   --> src/GooditDB.rs:4:5
[INFO] [stdout]    |
[INFO] [stdout] 4  | use serde::Serialize;
[INFO] [stdout]    |     ^^^^^^^^^^^^^^^^
[INFO] [stdout] 
[INFO] [stdout] 
[INFO] [stdout] error: cannot find derive macro `Serialize` in this scope
[INFO] [stdout]   --> src/GooditDB.rs:25:32
[INFO] [stdout]    |
[INFO] [stdout] 25 | #[derive(Debug, PartialEq, Eq, Serialize)]
[INFO] [stdout]    |                                ^^^^^^^^^
[INFO] [stdout]    |
[INFO] [stdout] note: `Serialize` is imported here, but it is only a trait, without a derive macro
[INFO] [stdout]   --> src/GooditDB.rs:4:5
[INFO] [stdout]    |
[INFO] [stdout] 4  | use serde::Serialize;
[INFO] [stdout]    |     ^^^^^^^^^^^^^^^^
[INFO] [stdout] 
[INFO] [stdout] 
[INFO] [stdout] error: cannot find derive macro `Serialize` in this scope
[INFO] [stdout]   --> src/GooditDB.rs:35:32
[INFO] [stdout]    |
[INFO] [stdout] 35 | #[derive(Debug, PartialEq, Eq, Serialize)]
[INFO] [stdout]    |                                ^^^^^^^^^
[INFO] [stdout]    |
[INFO] [stdout] note: `Serialize` is imported here, but it is only a trait, without a derive macro
[INFO] [stdout]   --> src/GooditDB.rs:4:5
[INFO] [stdout]    |
[INFO] [stdout] 4  | use serde::Serialize;
[INFO] [stdout]    |     ^^^^^^^^^^^^^^^^
[INFO] [stdout] 
[INFO] [stdout] 
[INFO] [stdout] error: cannot find derive macro `Serialize` in this scope
[INFO] [stdout]   --> src/GooditDB.rs:35:32
[INFO] [stdout]    |
[INFO] [stdout] 35 | #[derive(Debug, PartialEq, Eq, Serialize)]
[INFO] [stdout]    |                                ^^^^^^^^^
[INFO] [stdout]    |
[INFO] [stdout] note: `Serialize` is imported here, but it is only a trait, without a derive macro
[INFO] [stdout]   --> src/GooditDB.rs:4:5
[INFO] [stdout]    |
[INFO] [stdout] 4  | use serde::Serialize;
[INFO] [stdout]    |     ^^^^^^^^^^^^^^^^
[INFO] [stdout] 
[INFO] [stdout] 
[INFO] [stdout] warning: unused import: `std::error::Error`
[INFO] [stdout]  --> src/GooditDB.rs:1:5
[INFO] [stdout]   |
[INFO] [stdout] 1 | use std::error::Error;
[INFO] [stdout]   |     ^^^^^^^^^^^^^^^^^
[INFO] [stdout]   |
[INFO] [stdout]   = note: `#[warn(unused_imports)]` on by default
[INFO] [stdout] 
[INFO] [stdout] 
[INFO] [stdout] warning: unused import: `std::sync::Mutex`
[INFO] [stdout]  --> src/GooditDB.rs:5:5
[INFO] [stdout]   |
[INFO] [stdout] 5 | use std::sync::Mutex;
[INFO] [stdout]   |     ^^^^^^^^^^^^^^^^
[INFO] [stdout] 
[INFO] [stdout] 
[INFO] [stdout] warning: unused import: `mysql::*`
[INFO] [stdout]  --> src/main.rs:3:5
[INFO] [stdout]   |
[INFO] [stdout] 3 | use mysql::*;
[INFO] [stdout]   |     ^^^^^^^^
[INFO] [stdout] 
[INFO] [stdout] 
[INFO] [stdout] warning: unused import: `HttpResponse`
[INFO] [stdout]  --> src/main.rs:6:39
[INFO] [stdout]   |
[INFO] [stdout] 6 | use actix_web::{HttpServer, App, web, HttpResponse, Responder};
[INFO] [stdout]   |                                       ^^^^^^^^^^^^
[INFO] [stdout] 
[INFO] [stdout] 
[INFO] [stdout] warning: unused import: `std::error::Error`
[INFO] [stdout]  --> src/GooditDB.rs:1:5
[INFO] [stdout]   |
[INFO] [stdout] 1 | use std::error::Error;
[INFO] [stdout]   |     ^^^^^^^^^^^^^^^^^
[INFO] [stdout]   |
[INFO] [stdout]   = note: `#[warn(unused_imports)]` on by default
[INFO] [stdout] 
[INFO] [stdout] 
[INFO] [stdout] warning: unused import: `std::sync::Mutex`
[INFO] [stdout]  --> src/GooditDB.rs:5:5
[INFO] [stdout]   |
[INFO] [stdout] 5 | use std::sync::Mutex;
[INFO] [stdout]   |     ^^^^^^^^^^^^^^^^
[INFO] [stdout] 
[INFO] [stdout] 
[INFO] [stdout] warning: unused import: `mysql::*`
[INFO] [stdout]   --> src/GooditDB.rs:78:9
[INFO] [stdout]    |
[INFO] [stdout] 78 |     use mysql::*;
[INFO] [stdout]    |         ^^^^^^^^
[INFO] [stdout] 
[INFO] [stdout] 
[INFO] [stdout] warning: unused import: `mysql::*`
[INFO] [stdout]  --> src/main.rs:3:5
[INFO] [stdout]   |
[INFO] [stdout] 3 | use mysql::*;
[INFO] [stdout]   |     ^^^^^^^^
[INFO] [stdout] 
[INFO] [stdout] 
[INFO] [stdout] warning: unused import: `HttpResponse`
[INFO] [stdout]  --> src/main.rs:6:39
[INFO] [stdout]   |
[INFO] [stdout] 6 | use actix_web::{HttpServer, App, web, HttpResponse, Responder};
[INFO] [stdout]   |                                       ^^^^^^^^^^^^
[INFO] [stdout] 
[INFO] [stdout] 
[INFO] [stdout] error[E0599]: no function or associated item named `new` found for struct `Post` in the current scope
[INFO] [stdout]   --> src/main.rs:15:25
[INFO] [stdout]    |
[INFO] [stdout] 15 |         GooditDB::Post::new(
[INFO] [stdout]    |                         ^^^ function or associated item not found in `Post`
[INFO] [stdout]    |
[INFO] [stdout]   ::: src/GooditDB.rs:26:1
[INFO] [stdout]    |
[INFO] [stdout] 26 | pub struct Post {
[INFO] [stdout]    | --------------- function or associated item `new` not found for this struct
[INFO] [stdout]    |
[INFO] [stdout]    = help: items from traits can only be used if the trait is implemented and in scope
[INFO] [stdout]    = note: the following traits define an item `new`, perhaps you need to implement one of them:
[INFO] [stdout]            candidate #1: `mysql::prelude::ConvIr`
[INFO] [stdout]            candidate #2: `rand::distributions::uniform::UniformSampler`
[INFO] [stdout]            candidate #3: `digest::core_api::VariableOutputCore`
[INFO] [stdout]            candidate #4: `digest::digest::Digest`
[INFO] [stdout]            candidate #5: `digest::VariableOutput`
[INFO] [stdout]            candidate #6: `crypto_common::KeyInit`
[INFO] [stdout]            candidate #7: `crypto_common::KeyIvInit`
[INFO] [stdout]            candidate #8: `typenum::marker_traits::Bit`
[INFO] [stdout]            candidate #9: `radium::Radium`
[INFO] [stdout]            candidate #10: `parking_lot_core::thread_parker::ThreadParkerT`
[INFO] [stdout]            candidate #11: `brotli::enc::backward_references::hash_to_binary_tree::Allocable`
[INFO] [stdout]            candidate #12: `brotli::enc::threading::AnyBoxConstructor`
[INFO] [stdout] 
[INFO] [stdout] 
[INFO] [stdout] error[E0599]: no function or associated item named `new` found for struct `Post` in the current scope
[INFO] [stdout]   --> src/main.rs:15:25
[INFO] [stdout]    |
[INFO] [stdout] 15 |         GooditDB::Post::new(
[INFO] [stdout]    |                         ^^^ function or associated item not found in `Post`
[INFO] [stdout]    |
[INFO] [stdout]   ::: src/GooditDB.rs:26:1
[INFO] [stdout]    |
[INFO] [stdout] 26 | pub struct Post {
[INFO] [stdout]    | --------------- function or associated item `new` not found for this struct
[INFO] [stdout]    |
[INFO] [stdout]    = help: items from traits can only be used if the trait is implemented and in scope
[INFO] [stdout]    = note: the following traits define an item `new`, perhaps you need to implement one of them:
[INFO] [stdout]            candidate #1: `mysql::prelude::ConvIr`
[INFO] [stdout]            candidate #2: `rand::distributions::uniform::UniformSampler`
[INFO] [stdout]            candidate #3: `digest::core_api::VariableOutputCore`
[INFO] [stdout]            candidate #4: `digest::digest::Digest`
[INFO] [stdout]            candidate #5: `digest::VariableOutput`
[INFO] [stdout]            candidate #6: `crypto_common::KeyInit`
[INFO] [stdout]            candidate #7: `crypto_common::KeyIvInit`
[INFO] [stdout]            candidate #8: `typenum::marker_traits::Bit`
[INFO] [stdout]            candidate #9: `radium::Radium`
[INFO] [stdout]            candidate #10: `parking_lot_core::thread_parker::ThreadParkerT`
[INFO] [stdout]            candidate #11: `brotli::enc::backward_references::hash_to_binary_tree::Allocable`
[INFO] [stdout]            candidate #12: `brotli::enc::threading::AnyBoxConstructor`
[INFO] [stdout] 
[INFO] [stdout] 
[INFO] [stdout] error[E0277]: the trait bound `(): Responder` is not satisfied
[INFO] [stdout]   --> src/main.rs:12:57
[INFO] [stdout]    |
[INFO] [stdout] 12 |   async fn index(tera: web::Data<Tera>) -> impl Responder {
[INFO] [stdout]    |  _________________________________________________________^
[INFO] [stdout] 13 | |     let mut data = Context::new();
[INFO] [stdout] 14 | |     let posts = [
[INFO] [stdout] 15 | |         GooditDB::Post::new(
[INFO] [stdout] ...  |
[INFO] [stdout] 19 | |     ];
[INFO] [stdout] 20 | | }
[INFO] [stdout]    | |_^ the trait `Responder` is not implemented for `()`
[INFO] [stdout]    |
[INFO] [stdout]    = help: the trait `Responder` is implemented for `(R, StatusCode)`
[INFO] [stdout] 
[INFO] [stdout] 
[INFO] [stdout] error[E0277]: the trait bound `(): Responder` is not satisfied
[INFO] [stdout]   --> src/main.rs:12:57
[INFO] [stdout]    |
[INFO] [stdout] 12 |   async fn index(tera: web::Data<Tera>) -> impl Responder {
[INFO] [stdout]    |  _________________________________________________________^
[INFO] [stdout] 13 | |     let mut data = Context::new();
[INFO] [stdout] 14 | |     let posts = [
[INFO] [stdout] 15 | |         GooditDB::Post::new(
[INFO] [stdout] ...  |
[INFO] [stdout] 19 | |     ];
[INFO] [stdout] 20 | | }
[INFO] [stdout]    | |_^ the trait `Responder` is not implemented for `()`
[INFO] [stdout]    |
[INFO] [stdout]    = help: the trait `Responder` is implemented for `(R, StatusCode)`
[INFO] [stdout] 
[INFO] [stdout] 
[INFO] [stdout] error[E0277]: the trait bound `(): Responder` is not satisfied
[INFO] [stdout]   --> src/main.rs:12:42
[INFO] [stdout]    |
[INFO] [stdout] 12 | async fn index(tera: web::Data<Tera>) -> impl Responder {
[INFO] [stdout]    |                                          ^^^^^^^^^^^^^^ the trait `Responder` is not implemented for `()`
[INFO] [stdout]    |
[INFO] [stdout]    = help: the trait `Responder` is implemented for `(R, StatusCode)`
[INFO] [stdout] 
[INFO] [stdout] 
[INFO] [stdout] error[E0277]: the trait bound `(): Responder` is not satisfied
[INFO] [stdout]   --> src/main.rs:12:42
[INFO] [stdout]    |
[INFO] [stdout] 12 | async fn index(tera: web::Data<Tera>) -> impl Responder {
[INFO] [stdout]    |                                          ^^^^^^^^^^^^^^ the trait `Responder` is not implemented for `()`
[INFO] [stdout]    |
[INFO] [stdout]    = help: the trait `Responder` is implemented for `(R, StatusCode)`
[INFO] [stdout] 
[INFO] [stdout] 
[INFO] [stdout] warning: unused import: `mysql::prelude`
[INFO] [stdout]  --> src/main.rs:4:5
[INFO] [stdout]   |
[INFO] [stdout] 4 | use mysql::prelude::*;
[INFO] [stdout]   |     ^^^^^^^^^^^^^^
[INFO] [stdout] 
[INFO] [stdout] 
[INFO] [stdout] warning: unused import: `mysql::prelude`
[INFO] [stdout]  --> src/main.rs:4:5
[INFO] [stdout]   |
[INFO] [stdout] 4 | use mysql::prelude::*;
[INFO] [stdout]   |     ^^^^^^^^^^^^^^
[INFO] [stdout] 
[INFO] [stdout] 
[INFO] [stdout] error: aborting due to 7 previous errors; 5 warnings emitted
[INFO] [stdout] 
[INFO] [stdout] 
[INFO] [stdout] Some errors have detailed explanations: E0277, E0599.
[INFO] [stdout] 
[INFO] [stdout] For more information about an error, try `rustc --explain E0277`.
[INFO] [stdout] 
[INFO] [stdout] error: aborting due to 9 previous errors; 6 warnings emitted
[INFO] [stdout] 
[INFO] [stdout] 
[INFO] [stdout] Some errors have detailed explanations: E0277, E0432, E0433, E0599.
[INFO] [stdout] 
[INFO] [stdout] For more information about an error, try `rustc --explain E0277`.
[INFO] [stdout] 
[INFO] [stderr] error: could not compile `goodit` (bin "goodit") due to 8 previous errors; 5 warnings emitted
[INFO] [stderr] warning: build failed, waiting for other jobs to finish...
[INFO] [stderr] error: could not compile `goodit` (bin "goodit" test) due to 10 previous errors; 6 warnings emitted
[INFO] running `Command { std: "docker" "inspect" "87c03b93705acd0e5071597b24567ceef45a187ae81e221e6b10247ba320dad4", kill_on_drop: false }`
[INFO] running `Command { std: "docker" "rm" "-f" "87c03b93705acd0e5071597b24567ceef45a187ae81e221e6b10247ba320dad4", kill_on_drop: false }`
[INFO] [stdout] 87c03b93705acd0e5071597b24567ceef45a187ae81e221e6b10247ba320dad4
